{"id":56,"date":"2022-02-21T07:12:46","date_gmt":"2022-02-21T11:12:46","guid":{"rendered":"https:\/\/institutoescuelamaracay.com\/web\/?page_id=56"},"modified":"2022-02-21T07:12:46","modified_gmt":"2022-02-21T11:12:46","slug":"quienes-somos","status":"publish","type":"page","link":"https:\/\/institutoescuelamaracay.com\/portal\/index.php\/quienes-somos\/","title":{"rendered":"\u00bfQui\u00e9nes Somos?"},"content":{"rendered":"\t\t<div data-elementor-type=\"wp-page\" data-elementor-id=\"56\" class=\"elementor elementor-56\" data-elementor-post-type=\"page\">\n\t\t\t\t\t\t<section class=\"elementor-section elementor-top-section elementor-element elementor-element-b57355a elementor-section-boxed elementor-section-height-default elementor-section-height-default\" data-id=\"b57355a\" data-element_type=\"section\" data-e-type=\"section\">\n\t\t\t\t\t\t<div class=\"elementor-container elementor-column-gap-default\">\n\t\t\t\t\t<div class=\"elementor-column elementor-col-100 elementor-top-column elementor-element elementor-element-4519927\" data-id=\"4519927\" data-element_type=\"column\" data-e-type=\"column\">\n\t\t\t<div class=\"elementor-widget-wrap elementor-element-populated\">\n\t\t\t\t\t\t<div class=\"elementor-element elementor-element-d3a33d7 elementor-widget elementor-widget-heading\" data-id=\"d3a33d7\" data-element_type=\"widget\" data-e-type=\"widget\" data-widget_type=\"heading.default\">\n\t\t\t\t\t<h2 class=\"elementor-heading-title elementor-size-default\">La Instituci\u00f3n<\/h2>\t\t\t\t<\/div>\n\t\t\t\t<div class=\"elementor-element elementor-element-2a75745 elementor-widget elementor-widget-text-editor\" data-id=\"2a75745\" data-element_type=\"widget\" data-e-type=\"widget\" data-widget_type=\"text-editor.default\">\n\t\t\t\t\t\t\t\t\t<p>Somos una instituci\u00f3n que brinda servicio a nivel de Educaci\u00f3n Inicial (Pre-Escolar), Primaria y Media General enfocados en la formaci\u00f3n integral de estudiantes, promoviendo el desarrollo de capacidades, competencias y actitudes mediante la puesta en pr\u00e1ctica de metodolog\u00edas activas y el uso de tecnolog\u00edas en la gesti\u00f3n pedag\u00f3gica; contando para ello con un equipo humano de gran trayectoria profesional, actualizado y comprometido con el plantel y la comunidad.<\/p>\t\t\t\t\t\t\t\t<\/div>\n\t\t\t\t\t<\/div>\n\t\t<\/div>\n\t\t\t\t\t<\/div>\n\t\t<\/section>\n\t\t\t\t<section class=\"elementor-section elementor-top-section elementor-element elementor-element-569b1cd elementor-section-boxed elementor-section-height-default elementor-section-height-default\" data-id=\"569b1cd\" data-element_type=\"section\" data-e-type=\"section\">\n\t\t\t\t\t\t<div class=\"elementor-container elementor-column-gap-default\">\n\t\t\t\t\t<div class=\"elementor-column elementor-col-50 elementor-top-column elementor-element elementor-element-1a1c9f3\" data-id=\"1a1c9f3\" data-element_type=\"column\" data-e-type=\"column\">\n\t\t\t<div class=\"elementor-widget-wrap elementor-element-populated\">\n\t\t\t\t\t\t<div class=\"elementor-element elementor-element-cd8d914 elementor-widget elementor-widget-heading\" data-id=\"cd8d914\" data-element_type=\"widget\" data-e-type=\"widget\" data-widget_type=\"heading.default\">\n\t\t\t\t\t<h2 class=\"elementor-heading-title elementor-size-default\">Misi\u00f3n<\/h2>\t\t\t\t<\/div>\n\t\t\t\t<div class=\"elementor-element elementor-element-d2f05a2 elementor-widget elementor-widget-text-editor\" data-id=\"d2f05a2\" data-element_type=\"widget\" data-e-type=\"widget\" data-widget_type=\"text-editor.default\">\n\t\t\t\t\t\t\t\t\t<p>Garantizar la b\u00fasqueda permanente del conocimiento de los ni\u00f1os, ni\u00f1as y adolescentes de manera integral y arm\u00f3nica, basada primordialmente en los valores fundamentales que rigen el comportamiento humano y los caminos de la convivencia, todo ello utilizando estrategias de acci\u00f3n y participaci\u00f3n directa que permiten iniciar, reforzar y consolidar los aprendizajes de calidad, logrando la prosecuci\u00f3n escolar del estudiantado, disminuyendo la deserci\u00f3n y repitencia.<\/p>\t\t\t\t\t\t\t\t<\/div>\n\t\t\t\t\t<\/div>\n\t\t<\/div>\n\t\t\t\t<div class=\"elementor-column elementor-col-50 elementor-top-column elementor-element elementor-element-b6d23bf\" data-id=\"b6d23bf\" data-element_type=\"column\" data-e-type=\"column\">\n\t\t\t<div class=\"elementor-widget-wrap elementor-element-populated\">\n\t\t\t\t\t\t<div class=\"elementor-element elementor-element-73f279d elementor-widget elementor-widget-heading\" data-id=\"73f279d\" data-element_type=\"widget\" data-e-type=\"widget\" data-widget_type=\"heading.default\">\n\t\t\t\t\t<h2 class=\"elementor-heading-title elementor-size-default\">Visi\u00f3n<\/h2>\t\t\t\t<\/div>\n\t\t\t\t<div class=\"elementor-element elementor-element-27cc910 elementor-widget elementor-widget-text-editor\" data-id=\"27cc910\" data-element_type=\"widget\" data-e-type=\"widget\" data-widget_type=\"text-editor.default\">\n\t\t\t\t\t\t\t\t\t<p>Alcanzar el mejoramiento de la calidad educativa que reciben los ni\u00f1os, ni\u00f1as y adolescentes que se forman en nuestra instituci\u00f3n, basados en valores como: amor, paz, respeto, solidaridad, igualdad, identidad nacional, amistad, felicidad, di\u00e1logo, responsabilidad, honestidad, perseverancia, justicia, equidad, sabidur\u00eda, sentido de pertenencia, ambiente y trabajo cooperativo-productivo, los cuales conducen a una vivencia escolar digna, de crecimiento humano y perfeccionamiento acad\u00e9mico para la formaci\u00f3n de ciudadanos honestos, pr\u00f3speros y responsables, aptos para ser los protagonistas del futuro de nuestra Venezuela.<\/p>\t\t\t\t\t\t\t\t<\/div>\n\t\t\t\t\t<\/div>\n\t\t<\/div>\n\t\t\t\t\t<\/div>\n\t\t<\/section>\n\t\t\t\t<\/div>\n\t\t","protected":false},"excerpt":{"rendered":"<p>La Instituci\u00f3n Somos una instituci\u00f3n que brinda servicio a nivel de Educaci\u00f3n Inicial (Pre-Escolar), Primaria y Media General enfocados en la formaci\u00f3n integral de estudiantes, promoviendo el desarrollo de capacidades, competencias y actitudes mediante la puesta en pr\u00e1ctica de metodolog\u00edas activas y el uso de tecnolog\u00edas en la gesti\u00f3n pedag\u00f3gica; contando para ello con un [&hellip;]<\/p>\n","protected":false},"author":1,"featured_media":0,"parent":0,"menu_order":0,"comment_status":"closed","ping_status":"closed","template":"","meta":{"footnotes":""},"class_list":["post-56","page","type-page","status-publish","hentry"],"_links":{"self":[{"href":"https:\/\/institutoescuelamaracay.com\/portal\/index.php\/wp-json\/wp\/v2\/pages\/56","targetHints":{"allow":["GET"]}}],"collection":[{"href":"https:\/\/institutoescuelamaracay.com\/portal\/index.php\/wp-json\/wp\/v2\/pages"}],"about":[{"href":"https:\/\/institutoescuelamaracay.com\/portal\/index.php\/wp-json\/wp\/v2\/types\/page"}],"author":[{"embeddable":true,"href":"https:\/\/institutoescuelamaracay.com\/portal\/index.php\/wp-json\/wp\/v2\/users\/1"}],"replies":[{"embeddable":true,"href":"https:\/\/institutoescuelamaracay.com\/portal\/index.php\/wp-json\/wp\/v2\/comments?post=56"}],"version-history":[{"count":0,"href":"https:\/\/institutoescuelamaracay.com\/portal\/index.php\/wp-json\/wp\/v2\/pages\/56\/revisions"}],"wp:attachment":[{"href":"https:\/\/institutoescuelamaracay.com\/portal\/index.php\/wp-json\/wp\/v2\/media?parent=56"}],"curies":[{"name":"wp","href":"https:\/\/api.w.org\/{rel}","templated":true}]}}

¿Quiénes Somos?

<div data-elementor-type="wp-page" data-elementor-id="56" class="elementor elementor-56" data-elementor-post-type="page">
						<section class="elementor-section elementor-top-section elementor-element elementor-element-b57355a elementor-section-boxed elementor-section-height-default elementor-section-height-default" data-id="b57355a" data-element_type="section" data-e-type="section">
						<div class="elementor-container elementor-column-gap-default">
					<div class="elementor-column elementor-col-100 elementor-top-column elementor-element elementor-element-4519927" data-id="4519927" data-element_type="column" data-e-type="column">
			<div class="elementor-widget-wrap elementor-element-populated">
						<div class="elementor-element elementor-element-d3a33d7 elementor-widget elementor-widget-heading" data-id="d3a33d7" data-element_type="widget" data-e-type="widget" data-widget_type="heading.default">
					<h2 class="elementor-heading-title elementor-size-default">La Institución</h2>				</div>
				<div class="elementor-element elementor-element-2a75745 elementor-widget elementor-widget-text-editor" data-id="2a75745" data-element_type="widget" data-e-type="widget" data-widget_type="text-editor.default">
									<p>Somos una institución que brinda servicio a nivel de Educación Inicial (Pre-Escolar), Primaria y Media General enfocados en la formación integral de estudiantes, promoviendo el desarrollo de capacidades, competencias y actitudes mediante la puesta en práctica de metodologías activas y el uso de tecnologías en la gestión pedagógica; contando para ello con un equipo humano de gran trayectoria profesional, actualizado y comprometido con el plantel y la comunidad.</p>								</div>
					</div>
		</div>
					</div>
		</section>
				<section class="elementor-section elementor-top-section elementor-element elementor-element-569b1cd elementor-section-boxed elementor-section-height-default elementor-section-height-default" data-id="569b1cd" data-element_type="section" data-e-type="section">
						<div class="elementor-container elementor-column-gap-default">
					<div class="elementor-column elementor-col-50 elementor-top-column elementor-element elementor-element-1a1c9f3" data-id="1a1c9f3" data-element_type="column" data-e-type="column">
			<div class="elementor-widget-wrap elementor-element-populated">
						<div class="elementor-element elementor-element-cd8d914 elementor-widget elementor-widget-heading" data-id="cd8d914" data-element_type="widget" data-e-type="widget" data-widget_type="heading.default">
					<h2 class="elementor-heading-title elementor-size-default">Misión</h2>				</div>
				<div class="elementor-element elementor-element-d2f05a2 elementor-widget elementor-widget-text-editor" data-id="d2f05a2" data-element_type="widget" data-e-type="widget" data-widget_type="text-editor.default">
									<p>Garantizar la búsqueda permanente del conocimiento de los niños, niñas y adolescentes de manera integral y armónica, basada primordialmente en los valores fundamentales que rigen el comportamiento humano y los caminos de la convivencia, todo ello utilizando estrategias de acción y participación directa que permiten iniciar, reforzar y consolidar los aprendizajes de calidad, logrando la prosecución escolar del estudiantado, disminuyendo la deserción y repitencia.</p>								</div>
					</div>
		</div>
				<div class="elementor-column elementor-col-50 elementor-top-column elementor-element elementor-element-b6d23bf" data-id="b6d23bf" data-element_type="column" data-e-type="column">
			<div class="elementor-widget-wrap elementor-element-populated">
						<div class="elementor-element elementor-element-73f279d elementor-widget elementor-widget-heading" data-id="73f279d" data-element_type="widget" data-e-type="widget" data-widget_type="heading.default">
					<h2 class="elementor-heading-title elementor-size-default">Visión</h2>				</div>
				<div class="elementor-element elementor-element-27cc910 elementor-widget elementor-widget-text-editor" data-id="27cc910" data-element_type="widget" data-e-type="widget" data-widget_type="text-editor.default">
									<p>Alcanzar el mejoramiento de la calidad educativa que reciben los niños, niñas y adolescentes que se forman en nuestra institución, basados en valores como: amor, paz, respeto, solidaridad, igualdad, identidad nacional, amistad, felicidad, diálogo, responsabilidad, honestidad, perseverancia, justicia, equidad, sabiduría, sentido de pertenencia, ambiente y trabajo cooperativo-productivo, los cuales conducen a una vivencia escolar digna, de crecimiento humano y perfeccionamiento académico para la formación de ciudadanos honestos, prósperos y responsables, aptos para ser los protagonistas del futuro de nuestra Venezuela.</p>								</div>
					</div>
		</div>
					</div>
		</section>
				</div>

<p>La Institución Somos una institución que brinda servicio a nivel de Educación Inicial (Pre-Escolar), Primaria y Media General enfocados en la formación integral de estudiantes, promoviendo el desarrollo de capacidades, competencias y actitudes mediante la puesta en práctica de metodologías activas y el uso de tecnologías en la gestión pedagógica; contando para ello con un [&hellip;]</p>
