{"id":59,"date":"2022-02-21T07:13:25","date_gmt":"2022-02-21T11:13:25","guid":{"rendered":"https:\/\/institutoescuelamaracay.com\/web\/?page_id=59"},"modified":"2022-02-21T07:13:25","modified_gmt":"2022-02-21T11:13:25","slug":"historia","status":"publish","type":"page","link":"https:\/\/institutoescuelamaracay.com\/portal\/index.php\/historia\/","title":{"rendered":"Historia"},"content":{"rendered":"\t\t<div data-elementor-type=\"wp-page\" data-elementor-id=\"59\" class=\"elementor elementor-59\" data-elementor-post-type=\"page\">\n\t\t\t\t\t\t<section class=\"elementor-section elementor-top-section elementor-element elementor-element-d860aa4 elementor-section-boxed elementor-section-height-default elementor-section-height-default\" data-id=\"d860aa4\" data-element_type=\"section\" data-e-type=\"section\">\n\t\t\t\t\t\t<div class=\"elementor-container elementor-column-gap-default\">\n\t\t\t\t\t<div class=\"elementor-column elementor-col-100 elementor-top-column elementor-element elementor-element-7fbc994\" data-id=\"7fbc994\" data-element_type=\"column\" data-e-type=\"column\">\n\t\t\t<div class=\"elementor-widget-wrap elementor-element-populated\">\n\t\t\t\t\t\t<div class=\"elementor-element elementor-element-d071a95 elementor-widget elementor-widget-heading\" data-id=\"d071a95\" data-element_type=\"widget\" data-e-type=\"widget\" data-widget_type=\"heading.default\">\n\t\t\t\t\t<h2 class=\"elementor-heading-title elementor-size-default\">RESE\u00d1A HIST\u00d3RICA<\/h2>\t\t\t\t<\/div>\n\t\t\t\t<div class=\"elementor-element elementor-element-3f1a2ed elementor-widget elementor-widget-text-editor\" data-id=\"3f1a2ed\" data-element_type=\"widget\" data-e-type=\"widget\" data-widget_type=\"text-editor.default\">\n\t\t\t\t\t\t\t\t\t<p align=\"justify\">En el a\u00f1o de 1.957, el 17 de septiembre, abre sus puertas en Maracay, Estado Aragua, el\u00a0<strong>INSTITUTO ESCUELA \u201cMARACAY\u201d,\u00a0<\/strong>bajo la responsabilidad del Profesor<strong>\u00a0Jos\u00e9 Mar\u00eda Abellana<\/strong>, en compa\u00f1\u00eda de su se\u00f1ora esposa\u00a0<strong>Do\u00f1a Carmen Teixid\u00f3 de Abellana<\/strong>, con el fin de impartir conocimientos de la educaci\u00f3n primaria a los hijos de algunas familias amigas.<\/p><p align=\"justify\">Con un local en la Avenida Miranda, al oeste de la ciudad y 49 estudiantes inicia sus actividades, la Instituci\u00f3n que a\u00f1os m\u00e1s tarde se convirtiera en punto de referencia educativa en la llamada \u201cCiudad Jard\u00edn\u201d.<\/p><p align=\"justify\">Impartiendo conocimientos a todos los niveles de educaci\u00f3n primaria, comienza sus actividades, adem\u00e1s de comercio, internado, semi-internado y transporte escolar.<\/p><p align=\"justify\">El tiempo avanzaba y el crecimiento no se hac\u00eda esperar, bajo el principio de la \u00e9tica educativa, la Instituci\u00f3n se abre a serias reestructuraciones, extiende sus grados acad\u00e9micos a todos los niveles de la\u00a0<strong>EDUCACI\u00d3N B\u00c1SICA<\/strong>, cambia su ubicaci\u00f3n y se integra al intercambio social, cultural y educativo.<\/p><p align=\"justify\">Con la gran cantidad de empleados que laboran con una alta m\u00edstica de trabajo, todos bajo la direcci\u00f3n de los Profesores\u00a0<strong>Eduardo Abellana<\/strong>\u00a0y su esposa\u00a0<strong>Rosa Chaybub de Abellana<\/strong>, el\u00a0<strong>INSTITUTO ESCUELA \u201cMARACAY\u201d<\/strong> ha respondido contundentemente a las exigencias del tiempo y la sociedad, impartiendo los niveles de Educaci\u00f3n: Inicial (Pre-Escolar), Primaria y Media\u00a0 General, ofreciendo adem\u00e1s las \u00e1reas de Computaci\u00f3n e Ingl\u00e9s y atenci\u00f3n Psicopedag\u00f3gica, sin olvidar su integraci\u00f3n deportiva en las disciplinas b\u00e1sicas y su motivado desarrollo cultural, resaltando nuestra identidad nacional.<\/p><p>La fruct\u00edfera labor educativa amerita una notable celebraci\u00f3n. Muchas gracias a los padres y representantes que a lo largo de los a\u00f1os han entregado el futuro de sus hijos, cooperando a la realizaci\u00f3n de una\u00a0<strong>EDUCACI\u00d3N INTEGRAL<\/strong>\u00a0de calidad dirigida hacia el logro de la\u00a0<strong>EXCELENCIA.<\/strong><\/p>\t\t\t\t\t\t\t\t<\/div>\n\t\t\t\t\t<\/div>\n\t\t<\/div>\n\t\t\t\t\t<\/div>\n\t\t<\/section>\n\t\t\t\t<\/div>\n\t\t","protected":false},"excerpt":{"rendered":"<p>RESE\u00d1A HIST\u00d3RICA En el a\u00f1o de 1.957, el 17 de septiembre, abre sus puertas en Maracay, Estado Aragua, el\u00a0INSTITUTO ESCUELA \u201cMARACAY\u201d,\u00a0bajo la responsabilidad del Profesor\u00a0Jos\u00e9 Mar\u00eda Abellana, en compa\u00f1\u00eda de su se\u00f1ora esposa\u00a0Do\u00f1a Carmen Teixid\u00f3 de Abellana, con el fin de impartir conocimientos de la educaci\u00f3n primaria a los hijos de algunas familias amigas. Con [&hellip;]<\/p>\n","protected":false},"author":1,"featured_media":0,"parent":0,"menu_order":0,"comment_status":"closed","ping_status":"closed","template":"","meta":{"footnotes":""},"class_list":["post-59","page","type-page","status-publish","hentry"],"_links":{"self":[{"href":"https:\/\/institutoescuelamaracay.com\/portal\/index.php\/wp-json\/wp\/v2\/pages\/59","targetHints":{"allow":["GET"]}}],"collection":[{"href":"https:\/\/institutoescuelamaracay.com\/portal\/index.php\/wp-json\/wp\/v2\/pages"}],"about":[{"href":"https:\/\/institutoescuelamaracay.com\/portal\/index.php\/wp-json\/wp\/v2\/types\/page"}],"author":[{"embeddable":true,"href":"https:\/\/institutoescuelamaracay.com\/portal\/index.php\/wp-json\/wp\/v2\/users\/1"}],"replies":[{"embeddable":true,"href":"https:\/\/institutoescuelamaracay.com\/portal\/index.php\/wp-json\/wp\/v2\/comments?post=59"}],"version-history":[{"count":0,"href":"https:\/\/institutoescuelamaracay.com\/portal\/index.php\/wp-json\/wp\/v2\/pages\/59\/revisions"}],"wp:attachment":[{"href":"https:\/\/institutoescuelamaracay.com\/portal\/index.php\/wp-json\/wp\/v2\/media?parent=59"}],"curies":[{"name":"wp","href":"https:\/\/api.w.org\/{rel}","templated":true}]}}

<div data-elementor-type="wp-page" data-elementor-id="59" class="elementor elementor-59" data-elementor-post-type="page">
						<section class="elementor-section elementor-top-section elementor-element elementor-element-d860aa4 elementor-section-boxed elementor-section-height-default elementor-section-height-default" data-id="d860aa4" data-element_type="section" data-e-type="section">
						<div class="elementor-container elementor-column-gap-default">
					<div class="elementor-column elementor-col-100 elementor-top-column elementor-element elementor-element-7fbc994" data-id="7fbc994" data-element_type="column" data-e-type="column">
			<div class="elementor-widget-wrap elementor-element-populated">
						<div class="elementor-element elementor-element-d071a95 elementor-widget elementor-widget-heading" data-id="d071a95" data-element_type="widget" data-e-type="widget" data-widget_type="heading.default">
					<h2 class="elementor-heading-title elementor-size-default">RESEÑA HISTÓRICA</h2>				</div>
				<div class="elementor-element elementor-element-3f1a2ed elementor-widget elementor-widget-text-editor" data-id="3f1a2ed" data-element_type="widget" data-e-type="widget" data-widget_type="text-editor.default">
									<p align="justify">En el año de 1.957, el 17 de septiembre, abre sus puertas en Maracay, Estado Aragua, el <strong>INSTITUTO ESCUELA “MARACAY”, </strong>bajo la responsabilidad del Profesor<strong> José María Abellana</strong>, en compañía de su señora esposa <strong>Doña Carmen Teixidó de Abellana</strong>, con el fin de impartir conocimientos de la educación primaria a los hijos de algunas familias amigas.</p><p align="justify">Con un local en la Avenida Miranda, al oeste de la ciudad y 49 estudiantes inicia sus actividades, la Institución que años más tarde se convirtiera en punto de referencia educativa en la llamada “Ciudad Jardín”.</p><p align="justify">Impartiendo conocimientos a todos los niveles de educación primaria, comienza sus actividades, además de comercio, internado, semi-internado y transporte escolar.</p><p align="justify">El tiempo avanzaba y el crecimiento no se hacía esperar, bajo el principio de la ética educativa, la Institución se abre a serias reestructuraciones, extiende sus grados académicos a todos los niveles de la <strong>EDUCACIÓN BÁSICA</strong>, cambia su ubicación y se integra al intercambio social, cultural y educativo.</p><p align="justify">Con la gran cantidad de empleados que laboran con una alta mística de trabajo, todos bajo la dirección de los Profesores <strong>Eduardo Abellana</strong> y su esposa <strong>Rosa Chaybub de Abellana</strong>, el <strong>INSTITUTO ESCUELA “MARACAY”</strong> ha respondido contundentemente a las exigencias del tiempo y la sociedad, impartiendo los niveles de Educación: Inicial (Pre-Escolar), Primaria y Media  General, ofreciendo además las áreas de Computación e Inglés y atención Psicopedagógica, sin olvidar su integración deportiva en las disciplinas básicas y su motivado desarrollo cultural, resaltando nuestra identidad nacional.</p><p>La fructífera labor educativa amerita una notable celebración. Muchas gracias a los padres y representantes que a lo largo de los años han entregado el futuro de sus hijos, cooperando a la realización de una <strong>EDUCACIÓN INTEGRAL</strong> de calidad dirigida hacia el logro de la <strong>EXCELENCIA.</strong></p>								</div>
					</div>
		</div>
					</div>
		</section>
				</div>

<p>RESEÑA HISTÓRICA En el año de 1.957, el 17 de septiembre, abre sus puertas en Maracay, Estado Aragua, el INSTITUTO ESCUELA “MARACAY”, bajo la responsabilidad del Profesor José María Abellana, en compañía de su señora esposa Doña Carmen Teixidó de Abellana, con el fin de impartir conocimientos de la educación primaria a los hijos de algunas familias amigas. Con [&hellip;]</p>
